et i(p) = p**2 + 12*p + 14. Let w be i(-10). Let t(v) = -15*v**3 - v**2 - 2*v - 1. What is the remainder when t(-1) is divided by ((-24)/18)/(1/w)?
7
Suppose -2*h + 13*h = -22. What is the remainder when 40 is divided by (-1 + 2)*(h + 19)?
6
Let c = -1487 - -1940. Calculate the remainder when c is divided by 19.
16
Suppose -5*w = -2*w. Suppose -3*n - 4*g + 29 + 23 = w, 2*g = -10. Calculate the remainder when 4/(-1 - 50/(-46)) is divided by n.
22
Let q = -805 - -816. Let w be (-5)/(1 - (-2 - -2)). Let t(u) = -2*u - 3. What is the remainder when q is divided by t(w)?
4
Let s(i) = 3*i - 2*i + i**3 - 1 + 0*i**3. Let f = -74 + 76. What is the remainder when f is divided by s(1)?
0
Let b = 43 - 39. Let w(r) = r - 1. Let s(y) = 2*y. Let i(h) = s(h) + 5*w(h). Calculate the remainder when i(b) is divided by 8.
7
Suppose -2170 = -5*t - 5*q, 3*t - 27*q - 1300 = -29*q. What is the remainder when t is divided by 115?
87
Calculate the remainder when 1 + (-26)/30 + 39676/105 is divided by 76.
74
Suppose -30 = 5*h + 145. Let n = h - -40. Calculate the remainder when 10 is divided by n.
0
Let u be ((-4)/(-6))/(4/138). Let i be 0 + 0/4 + 2. Suppose -u + 3 = -i*j. Calculate the remainder when j is divided by 6.
4
Suppose 0 = -m - 5 + 3. What is the remainder when 13 is divided by m/(1/3 + -1)?
1
Let v = 107 - 46. What is the remainder when v is divided by 32?
29
Let w = 303 - 210. Calculate the remainder when w is divided by 32.
29
Suppose 2*q - 4*i = 20, -59 = -5*q - 0*q + i. Let f = -3 + q. What is the remainder when f is divided by 7?
2
Let g(a) = a - 2. Let x be g(2). Calculate the remainder when (-42)/12 + (-102)/(-4) is divided by 4*(x + 6/4).
4
Suppose -7*b = -11*b + 132. Suppose 5*n - b = -c, c - 2*n = -0*n - 2. What is the remainder when 69 is divided by c?
5
Let h = -710 + 770. Calculate the remainder when h is divided by 11.
5
Let j = 7 - 2. Let y(t) = 23*t - 120. What is the remainder when y(6) is divided by j?
3
Calculate the remainder when 84 is divided by 84/98 + (-296)/(-14).
18
Let o(g) = -3*g**3 + 174*g**2 - 2*g + 133. Calculate the remainder when 3/(-9) + 91/3 is divided by o(58).
13
Let a be ((-27)/(-45))/(2/60). Let d be a/4*(-40)/(-90). What is the remainder when -2 - -8 - d - -47 is divided by 18?
15
Let v(h) = 2*h**3 - 4*h**2 + 15*h - 10. Let b be v(4). Calculate the remainder when 74 is divided by 80/(-64) - b/(-8).
9
Let d(o) = 31*o - 141. What is the remainder when d(9) is divided by 10?
8
Calculate the remainder when 3212/14 + 24/42 - 2 is divided by 33.
30
Suppose 4*v + 5*l = 19, -l = -5*v + 2*l - 4. Suppose 0 = r - 3*c - v, 5*r - 4*c - 33 = -6. Calculate the remainder when r is divided by 58/18 + (-4)/18.
1
Let t(j) = -j**3 - 9*j**2 - 8*j + 52. What is the remainder when t(-10) is divided by 65?
37
Suppose 4*a = -2*f - 3*f + 849, a = -4*f + 226. Let c(n) = 3*n**3 - 4*n**2 + 5*n - 8. Calculate the remainder when a is divided by c(3).
50
Let z(t) = -3*t - 21. Suppose -5*m + 265 = 5*i, 7*m - 2*m + 71 = i. Calculate the remainder when i is divided by z(-15).
8
Suppose -2*v = 3*x - 19 - 20, -3*v - 24 = -x. Let f be 7 + 0 + -3 + 18. Let c = f - x. Calculate the remainder when 18 is divided by c.
4
Suppose -2*v + 103 = -63. What is the remainder when v is divided by ((-1)/(-5) - -4)/(3/10)?
13
Let h be ((-4)/6)/((-10)/(-1590)). Let m = h - -213. Calculate the remainder when m is divided by 22.
19
Suppose 0 = -2*h + 4*h - 6, -u + 5*h = -77. Suppose 0 = 4*o - 5*o. Suppose -3*s + 281 - u = o. What is the remainder when s is divided by 22?
19
Let k(o) = -o**3 - 15*o**2 + 15*o - 18. Let z be k(-16). What is the remainder when (z + 9)/((-4)/(-36)) is divided by 11?
8
Suppose 3*k = -0*k - 78. Let g = k + 34. Suppose -c = -1, 3*c + c = 2*d - 4. What is the remainder when g is divided by d?
0
Let p be ((-10)/8)/((-1)/4). Suppose b = -2*b - 5*x + 14, -p*b = x - 38. Calculate the remainder when (7 + (-7)/(252/297))*-12 is divided by b.
7
Let i(l) = -l**2 + 112. Calculate the remainder when i(0) is divided by 25 + (3 - 120/(-12)).
36
Calculate the remainder when 1 + 0 + 511 + (-13 - -6) is divided by 23.
22
Let k(r) = r**3 + 2*r**2 + r + 8. What is the remainder when 126 is divided by k(0)?
6
Let c = 11 - -54. Suppose 7*z - c = 2*z. Let n = -11 - -15. What is the remainder when z is divided by n?
1
Suppose -2*r - 2*j + 52 = 0, 4*r - j + 0*j = 119. What is the remainder when r is divided by (-3 - -6) + 52/4?
13
Let p = 179 + 70. Calculate the remainder when p is divided by 14.
11
Let b(s) = -s - 17. What is the remainder when 93 is divided by b(-33)?
13
Let g = -76 - -114. Let t = -14 + 16. Suppose 0*v + 4*z = v - t, 0 = 2*v + 5*z - 30. What is the remainder when g is divided by v?
8
Let g(n) = -2*n + 6. Let z be g(5). What is the remainder when 79 is divided by 1 + 19 - 0/z?
19
Suppose -5*w + 321 = 46. Let l(m) = -4*m + 31. What is the remainder when w is divided by l(6)?
6
Suppose 8*a = 5*a + 357. Let b = a - 107. Calculate the remainder when 21 is divided by b.
9
Suppose -49 = -22*x + 127. Calculate the remainder when 30 is divided by x.
6
Let l(y) = y**2 - 9*y - 117. Calculate the remainder when l(21) is divided by 34/(-3)*3*-1.
33
Calculate the remainder when (-90)/(-25)*950/15 is divided by 52.
20
Suppose 0 = 3*v - 150 + 27. Suppose 5*j - 4*j - v = u, u = -j - 43. Let g = -30 - u. Calculate the remainder when 47 is divided by g.
11
Suppose 0 = 17*b - 2*b - 3120. What is the remainder when b is divided by 21?
19
Let u(f) = 2*f**3 - f**2 + 2*f - 8. What is the remainder when 49 is divided by u(2)?
1
Suppose 39*j + 29*j - 408 = 0. Calculate the remainder when 129 is divided by j.
3
Suppose 3*o - 6*o = 4*v - 4, -3*v = 3*o - 3. Let l(i) = 23*i + 8. What is the remainder when 216 is divided by l(v)?
30
Suppose 3102 = 64*g - 31*g. What is the remainder when 272 is divided by g?
84
Suppose 4*c - 135 = 3*x, 4*c = 6*x - x + 129. Let r = 1769 + -1698. Calculate the remainder when r is divided by c.
35
Let w = -85 - -71. Let o = -11 - -63. What is the remainder when o is divided by 108/(-378) - 2/(w/191)?
25
Let t(z) = -7*z**2 - 2*z - 1. Let f be t(-1). Let v = -1052 - -1060. What is the remainder when (-5)/2*f + -1 is divided by v?
6
Suppose -9*q - 9*q = -270. Calculate the remainder when 205 is divided by q.
10
Calculate the remainder when 7/35 - 2*968/(-20) is divided by 20.
17
What is the remainder when 60 is divided by (-145)/(-10) + (-2)/(-4)?
0
Suppose -19*m + 38*m = 1311. Calculate the remainder when 88 is divided by m.
19
Let a = -22 + 53. Suppose j - 27 = -4*c, 0*j - 3*j + 5*c = 4. Calculate the remainder when a is divided by j.
3
Let k(l) = 15*l + 39. What is the remainder when k(23) is divided by 43?
40
Let o = -2025 - -2543. What is the remainder when o is divided by 13?
11
Let j = 64 - 25. Let z(f) = 14 + 99*f**2 + 4*f - 98*f**2 + 2*f. What is the remainder when j is divided by z(-7)?
18
Let a(q) = q**2 + 8*q - 16. Let u be a(-10). Calculate the remainder when 10 is divided by 40/6 - u/6.
4
Let h(b) = 4*b**3 - 3*b**2 + 3*b - 1. Let n = -456 + 705. What is the remainder when n is divided by h(2)?
24
Let b(j) = -j**3 - 7*j**2 - 8*j. Suppose 5*h = 4*a + 10, 5*h - a = -9 + 4. What is the remainder when (-3 + (-3)/h)*-11*2 is divided by b(-6)?
9
Suppose -476 = -11*o + 4*o. Let n = -41 + o. Calculate the remainder when n is divided by 16.
11
Let v = -266 + 479. Suppose -28*n + 31*n - v = 0. What is the remainder when n is divided by 36?
35
Suppose 23*a - 428 = -14. What is the remainder when 466 is divided by a?
16
Suppose 2*s = 2*x + 12, -8 = -3*s - 5*x + 3*x. What is the remainder when 15 is divided by s?
3
Suppose -6*a + 2*a = -4. Suppose -495 = -68*f + 23*f. What is the remainder when (-130 + a)*1/(-3) is divided by f?
10
Let t(j) = 18*j**2 + 356*j - 356. Suppose 0 = 3*v - 24 + 9. Calculate the remainder when t(1) is divided by v.
3
Calculate the remainder when 125 is divided by (78/(-18))/((-5)/15).
8
Calculate the remainder when (-12)/(7/(2226/(-9))) is divided by 17.
16
Let t be -3*3/9*0. Suppose -3*w = 4*y - 17, 0*y - 3*y + w + 3 = t. What is the remainder when 11 is divided by y?
1
Suppose -12*r = -17*r + 65. Let z = r + -5. Calculate the remainder when z is divided by 2.
0
Suppose -467*x - 936 = -471*x. Calculate the remainder when x i